{"id":3,"date":"2024-02-20T17:52:10","date_gmt":"2024-02-20T17:52:10","guid":{"rendered":"http:\/\/ventauniversitaria.com\/?page_id=3"},"modified":"2024-04-26T00:18:00","modified_gmt":"2024-04-26T00:18:00","slug":"politica-privacidad","status":"publish","type":"page","link":"https:\/\/ventauniversitaria.com\/index.php\/politica-privacidad\/","title":{"rendered":"Aviso de privacidad"},"content":{"rendered":"\t\t<div data-elementor-type=\"wp-page\" data-elementor-id=\"3\" class=\"elementor elementor-3\" data-elementor-post-type=\"page\">\n\t\t\t\t<div class=\"elementor-element elementor-element-2959e3f4 e-flex e-con-boxed e-con e-parent\" data-id=\"2959e3f4\" data-element_type=\"container\" data-e-type=\"container\">\n\t\t\t\t\t<div class=\"e-con-inner\">\n\t\t\t\t<div class=\"elementor-element elementor-element-377619bb elementor-widget elementor-widget-text-editor\" data-id=\"377619bb\" data-element_type=\"widget\" data-e-type=\"widget\" data-widget_type=\"text-editor.default\">\n\t\t\t\t<div class=\"elementor-widget-container\">\n\t\t\t\t\t\t\t\t\t<p><\/p>\n<h1 class=\"wp-block-heading\"><strong>Aviso de Privacidad de VentU<\/strong><\/h1>\n<h4>\u00a0<\/h4>\n<h4><strong>Identidad del Responsable<\/strong><\/h4>\n<p>VentU es el responsable del tratamiento de los datos personales que nos proporcione, los cuales ser\u00e1n protegidos conforme a lo establecido en la Ley Federal de Protecci\u00f3n de Datos Personales en Posesi\u00f3n de los Particulares y dem\u00e1s normatividad que resulte aplicable.<\/p>\n<h4><strong>Datos personales y sensibles recabados<\/strong><\/h4>\n<p>Para las finalidades se\u00f1aladas en el presente aviso de privacidad, podemos recabar sus datos personales de diferentes formas: cuando usted nos los proporciona directamente; cuando visita nuestro sitio web o utiliza nuestros servicios en l\u00ednea, y cuando obtenemos informaci\u00f3n a trav\u00e9s de otras fuentes que est\u00e1n permitidas por la ley.<\/p>\n<p>Datos que se recaban directamente:<\/p>\n<ul>\n<li>Nombre completo.<\/li>\n<li>Direcci\u00f3n de correo electr\u00f3nico.<\/li>\n<li>N\u00famero de tel\u00e9fono.<\/li>\n<li>Informaci\u00f3n acad\u00e9mica (como universidad de procedencia).<\/li>\n<li>Informaci\u00f3n financiera y medios de pago.<\/li>\n<\/ul>\n<p>Datos que se recaban cuando visita nuestro sitio web o servicios en l\u00ednea:<\/p>\n<ul>\n<li>Datos de geolocalizaci\u00f3n.<\/li>\n<li>Direcciones IP.<\/li>\n<li>Tipo de navegador.<\/li>\n<li>Historial de navegaci\u00f3n.<\/li>\n<\/ul>\n<h4><strong>Finalidades del tratamiento de datos<\/strong><\/h4>\n<p>\u00a0Sus datos personales ser\u00e1n utilizados para las siguientes finalidades:<\/p>\n<ul>\n<li>Proveer los servicios y productos que ha solicitado.<\/li>\n<li>Informar sobre cambios o nuevos productos o servicios que est\u00e9n relacionados con el contratado o adquirido por el cliente.<\/li>\n<li>Cumplir con obligaciones contractuales.<\/li>\n<li>Evaluar la calidad del servicio.<\/li>\n<li>Realizar estudios internos sobre h\u00e1bitos de consumo.<\/li>\n<\/ul>\n<h4><strong>Transferencias de datos personales<\/strong><\/h4>\n<p>En VentU, la privacidad y seguridad de sus datos personales son nuestra m\u00e1xima prioridad. En cumplimiento con la Ley Federal de Protecci\u00f3n de Datos Personales en Posesi\u00f3n de los Particulares, nos comprometemos a no realizar transferencias de sus datos personales a terceros sin obtener previamente su consentimiento expreso, salvo en las situaciones espec\u00edficas que la ley permite. Estas excepciones est\u00e1n detalladas en el art\u00edculo 37 de la mencionada ley, las cuales incluyen, entre otras, circunstancias en las que la transferencia sea necesaria por razones de seguridad nacional, procuraci\u00f3n o administraci\u00f3n de justicia, consideraciones de salud p\u00fablica o para proteger los derechos de terceros. Asimismo, procederemos a realizar dichas transferencias en cumplimiento de una orden judicial o cuando sea requerido por las autoridades competentes dentro del marco legal aplicable. En todos estos casos, VentU tomar\u00e1 las medidas adecuadas para proteger su informaci\u00f3n y asegurar que los terceros respeten las mismas normas de confidencialidad y seguridad que nosotros implementamos.<\/p>\n<h4><strong>Derechos ARCO<\/strong><\/h4>\n<p>Usted tiene derecho a conocer qu\u00e9 datos personales tenemos de usted, para qu\u00e9 los utilizamos y las condiciones del uso que les damos. Asimismo, es su derecho solicitar la correcci\u00f3n de su informaci\u00f3n personal en caso de que est\u00e9 desactualizada, sea inexacta o incompleta; que la eliminemos de nuestros registros o bases de datos cuando considere que la misma no est\u00e1 siendo utilizada adecuadamente; as\u00ed como oponerse al uso de sus datos personales para fines espec\u00edficos. Estos derechos se conocen como derechos ARCO.<\/p>\n<p>Para el ejercicio de cualquiera de los derechos ARCO, usted deber\u00e1 presentar la solicitud respectiva a trav\u00e9s de correo electr\u00f3nico a la siguiente direcci\u00f3n: <a href=\"https:\/\/ventauniversitaria.com\/#\">Contacto@ventu.com<\/a>.<\/p>\n<h4><strong>Cambios al aviso de privacidad<\/strong><\/h4>\n<p>\u00a0Nos reservamos el derecho de efectuar en cualquier momento modificaciones o actualizaciones al presente aviso de privacidad, para la atenci\u00f3n de novedades legislativas, pol\u00edticas internas o nuevos requerimientos para la prestaci\u00f3n u ofrecimiento de nuestros servicios o productos.<\/p>\n<p>Las modificaciones estar\u00e1n disponibles al p\u00fablico a trav\u00e9s de nuestra p\u00e1gina web: <a href=\"https:\/\/ventauniversitaria.com\/index.php\/politica-privacidad\/\">https:\/\/ventauniversitaria.com\/index.php\/politica-privacidad\/<\/a>.<\/p>\n<h4><strong>Consentimiento<\/strong><\/h4>\n<p>Al proporcionar sus datos personales en nuestro sitio web, por medio de formularios de registro, o al interactuar con nuestros servicios, usted otorga su consentimiento expreso para que VentU utilice dicha informaci\u00f3n conforme a las pr\u00e1cticas descritas en este aviso de privacidad. Este consentimiento incluye, sin limitaci\u00f3n, el derecho de VentU de recopilar, utilizar, almacenar y transmitir su informaci\u00f3n personal para los prop\u00f3sitos detallados anteriormente, as\u00ed como la posibilidad de compartir sus datos con terceros conforme a las condiciones especificadas en este documento. Usted reconoce y acepta que es su responsabilidad revisar este aviso de privacidad peri\u00f3dicamente y estar consciente de modificaciones. Su uso continuado de nuestros servicios despu\u00e9s de la publicaci\u00f3n de cambios a estos t\u00e9rminos ser\u00e1 considerado como su aceptaci\u00f3n de dichas modificaciones. Si no est\u00e1 de acuerdo con alguno de los t\u00e9rminos o condiciones de este aviso, le solicitamos abstenerse de utilizar nuestros servicios.<\/p>\n<h4><strong>Contacto<\/strong><\/h4>\n<p>\u00a0Para cualquier duda o consulta relacionada con este aviso, puede dirigirse a <a href=\"https:\/\/ventauniversitaria.com\/#\">Contacto@ventu.com<\/a> o llamar al <a href=\"http:\/\/+5217715182209\/\">+52 1 771 518 2209<\/a>.<\/p>\n<p><\/p>\t\t\t\t\t\t\t\t<\/div>\n\t\t\t\t<\/div>\n\t\t\t\t\t<\/div>\n\t\t\t\t<\/div>\n\t\t\t\t<\/div>\n\t\t","protected":false},"excerpt":{"rendered":"<p>Aviso de Privacidad de VentU \u00a0 Identidad del Responsable VentU es el responsable del tratamiento de los datos personales que nos proporcione, los cuales ser\u00e1n protegidos conforme a lo establecido en la Ley Federal de Protecci\u00f3n de Datos Personales en Posesi\u00f3n de los Particulares y dem\u00e1s normatividad que resulte aplicable. Datos personales y sensibles recabados [&hellip;]<\/p>\n","protected":false},"author":1,"featured_media":0,"parent":0,"menu_order":0,"comment_status":"closed","ping_status":"closed","template":"","meta":{"_glsr_average":0,"_glsr_ranking":0,"_glsr_reviews":0,"footnotes":""},"class_list":["post-3","page","type-page","status-publish","hentry","entry","owp-thumbs-layout-horizontal","owp-btn-normal","owp-tabs-layout-horizontal","has-no-thumbnails","has-product-nav"],"_links":{"self":[{"href":"https:\/\/ventauniversitaria.com\/index.php\/wp-json\/wp\/v2\/pages\/3","targetHints":{"allow":["GET"]}}],"collection":[{"href":"https:\/\/ventauniversitaria.com\/index.php\/wp-json\/wp\/v2\/pages"}],"about":[{"href":"https:\/\/ventauniversitaria.com\/index.php\/wp-json\/wp\/v2\/types\/page"}],"author":[{"embeddable":true,"href":"https:\/\/ventauniversitaria.com\/index.php\/wp-json\/wp\/v2\/users\/1"}],"replies":[{"embeddable":true,"href":"https:\/\/ventauniversitaria.com\/index.php\/wp-json\/wp\/v2\/comments?post=3"}],"version-history":[{"count":10,"href":"https:\/\/ventauniversitaria.com\/index.php\/wp-json\/wp\/v2\/pages\/3\/revisions"}],"predecessor-version":[{"id":538,"href":"https:\/\/ventauniversitaria.com\/index.php\/wp-json\/wp\/v2\/pages\/3\/revisions\/538"}],"wp:attachment":[{"href":"https:\/\/ventauniversitaria.com\/index.php\/wp-json\/wp\/v2\/media?parent=3"}],"curies":[{"name":"wp","href":"https:\/\/api.w.org\/{rel}","templated":true}]}}